ive of r(t). Determine i(-5).
9
Suppose 7*q = 4*q + 3. Let h(v) = -3*v**3 + v**2 + v + 1. Let m be h(-1). Let a(k) = -2*k**3 + m - 4. Calculate a(q).
-2
Let r(y) = -y**2 + 3 + 9*y - y + 2*y**2. Determine r(-5).
-12
Let o = 3 - 1. Let v(h) = o*h**2 - 2 + 2 - 1. What is v(-1)?
1
Let v(b) be the third derivative of b**9/60480 + b**8/3360 - b**7/5040 - b**6/360 + b**5/12 + 3*b**2. Let i(u) be the third derivative of v(u). What is i(-6)?
4
Suppose -25 = -3*i - 2*i. Suppose -10 = i*p - 0*p. Let f = 5 + p. Let k(c) = c**3 - 3*c**2 - 2*c. What is k(f)?
-6
Let c(j) = -j**3 - j**2 + j - 1. Let m(h) = -4*h**3 + h**2 + 7*h - 4. Let k(p) = -5*c(p) + m(p). What is k(-6)?
-11
Let h = -21 + 23. Let i(g) = -g - 5. Let u be i(-5). Let n(z) = u*z - z**2 - 2 + h*z + 1 - z**2. Calculate n(2).
-5
Let h(d) be the second derivative of 3*d**5/20 - d**4/12 - d**3/6 + d**2/2 + d. Let n = 2 - -3. Let q = -4 + n. What is h(q)?
2
Let l = -8 + 11. Let b(x) be the third derivative of -1/24*x**4 + 0 - 3*x**2 + 1/20*x**6 + 0*x + 1/6*x**l + 0*x**5. Calculate b(1).
6
Let t(y) be the third derivative of y**5/60 - 3*y**4/8 + y**3/2 - 13*y**2. Give t(8).
-5
Let g(j) be the second derivative of 1/20*j**5 + 3*j + 0 - j**2 - 1/6*j**3 + 0*j**4. Calculate g(-2).
-8
Let p(u) = -u**3 - 5*u**2 - 2*u - 7. Suppose -25 = -3*x + 2*c - 0*c, -5 = c. Let l = x - 1. Suppose -3*y + l*k - 41 = -6, -3*y - 30 = -3*k. Give p(y).
3
Let i = 21 - 17. Let o(a) = a - i*a**2 + 0*a + 3*a**2. What is o(2)?
-2
Let d(i) = -7*i**2 + 3*i - 9. Let n(y) = 6*y**2 - 2*y + 8. Let k(b) = 5*d(b) + 6*n(b). What is k(-2)?
1
Let p be (-8)/(-40) + (-62)/10. Let c be 16/p*18/(-12). Let z(j) = -j**2 + 4*j. Determine z(c).
0
Suppose 16 = s + 3*s. Let f = s + -4. Let d(l) = -2 + 2 + l. Calculate d(f).
0
Let s(r) = -r**2 - 3*r - 1. Suppose -2*u = 3*d - 5*u - 9, 2*u + 20 = -5*d. Give s(d).
1
Let m(k) = -k**3 - 3*k**2 + 4*k + 1. Let l be m(-4). Let t(h) = -3 + 3 + h + 0*h + l. Give t(6).
7
Let z(j) = 4*j**3 - 3*j**2 + 5*j. Let d(f) = -2*f**3 + f**2 - 2*f. Let y(h) = -5*d(h) - 2*z(h). Suppose -4*b - 5*k = -17, -4*k + 2 = 4*b - 2*k. Determine y(b).
-12
Let q(c) = -2*c + 1. Suppose -3*w + 0*w + 117 = 0. Suppose -5*n - 14 + w = 0. Let f(j) = j - 6. Let o be f(n). Calculate q(o).
3
Let p(x) be the third derivative of x**6/360 - x**5/15 + x**4/3 + x**3/3 - 2*x**2. Let f(c) be the first derivative of p(c). Give f(6).
-4
Let c(b) = 7*b + 3. Let x(s) = -36*s - 16. Let y(a) = 11*c(a) + 2*x(a). Calculate y(-1).
-4
Let p(t) be the second derivative of -t**5/20 - t**3/6 - 13*t**2/2 - 4*t. Suppose 0 = 4*o - 3*o. Determine p(o).
-13
Let y(m) = -8*m - 6. Let f(c) = -5*c - 4. Let w(i) = -7*f(i) + 5*y(i). Suppose 2*n - n = 0. Suppose -4*b + 10 = 5*g, -4*g + n*b - 3*b + 7 = 0. What is w(g)?
8
Let w be 3 - (-1 + (3 - 2))/1. Let m(j) = -j - 1. Calculate m(w).
-4
Suppose 0 = -3*v - 6 - 6, 0 = 3*x + 5*v + 5. Let r = x - 4. Let d(p) = -4*p + p - r + 3. Give d(-2).
8
Suppose -4*y + 21 = -3*n + y, 0 = 2*n - 2*y + 18. Let w be 2/4*n/(-6). Let f(v) = 11*v**2 - 2*v + 1. Calculate f(w).
10
Let u(n) = -n - 2. Suppose 0 = t + 2 - 4. Suppose 2*x - 18 = -t*c - c, -4*x - 8 = -5*c. Give u(c).
-6
Let h be ((-1)/2 - -1)*2. Let r(j) = -j - 16. Let k be r(-16). Let q be (-6 - k) + (h - 0). Let l(w) = w + 11. Determine l(q).
6
Let u(l) be the second derivative of -7*l**3/6 + l**2/2 - l. Let b be (-22)/(-12) + (-17)/(-102). Calculate u(b).
-13
Let t(g) = -6*g + 595 - 4*g**2 + 3*g**2 - 594. Suppose 3*o - 5 = -3*u + 2*o, -u + 7 = -o. Let z be (-4)/u*18/4. Calculate t(z).
1
Let f(b) = b + 2. Let w(q) = -q**3 - 3*q**2 - 2*q - 1. Let x be w(-2). Determine f(x).
1
Suppose 6*f = 3*f - 36. Let s = f + 7. Let m(g) = -g**2 - 7*g - 5. What is m(s)?
5
Suppose -3*n + 4*h + 6 = 0, -2*n = -5*h + h - 4. Let d(g) = 1 + g**n + 2*g**2 + 0. What is d(1)?
4
Let t(k) = 3*k - 2. Let s = -28 + 23. Determine t(s).
-17
Let y(j) = j**2 + j - 4. Suppose -15*t + 39 = -2*t. Give y(t).
8
Let v = -40 - -45. Let q(n) = -n**2 + 3*n + 7. Determine q(v).
-3
Let q(o) be the first derivative of 3*o**2 + o - 2. Let w be q(-1). Let c(z) = -z - 5. Give c(w).
0
Let a(z) be the first derivative of -z**3/3 - 2*z**2 + 24. Determine a(-4).
0
Let r(v) be the first derivative of -v**4/12 + v**3/6 + v**2 - 3*v + 1. Let o(d) be the first derivative of r(d). Calculate o(2).
0
Suppose 2*g + 3*m = 0, -3*g - 5*m - 3 = -2*m. Let b be g/(21/(-9) + 2). Suppose -2*d = 2*a + b + 5, 4*a - 5*d = -10. Let p(z) = 2*z + 5. Calculate p(a).
-5
Let d(q) = 2*q**2 - 1. Let h be d(-1). Let s(i) be the second derivative of -3*i**4/4 - i**3/6 + i**2/2 - i. Calculate s(h).
-9
Let s be (-4)/(-6) - 8/(-6). Suppose -6 = 2*o + 2*y, 15 = -4*y - 5. Let z(h) = -3*h**3 + 5*h**3 - 2 - 3*h**o + s*h - 1. Give z(2).
5
Let g(f) = -f - 3. Let s(j) = 7*j. Let t = 1 - 6. Let w(y) = 8*y - 1. Let z(k) = t*w(k) + 6*s(k). Let u be z(-5). Calculate g(u).
2
Let c(h) = -4*h - 1. Let y(l) = -l**2 + 6*l + 5. Let m be y(7). What is c(m)?
7
Let c be 1 - -3 - (-4 + 4). Suppose c*n + 4 = -3*m - m, -m + 11 = -2*n. Let z(t) = t**3 + 4*t**2 - 3. Determine z(n).
-3
Let x = 16 + -11. Suppose -s + 4*i + 36 = -6*s, x*s + 24 = -i. Let u(r) = r**3 + 5*r**2 + 3*r + 1. Give u(s).
5
Let b = -21 + 15. Let o(m) = 3*m - m - 6*m + 3*m - 5. What is o(b)?
1
Let l(z) = -z**3 - 2 + 2*z**3 - 4*z**2 + 0*z**3 - 2 - 3*z. What is l(5)?
6
Let v(k) = -11*k**2 - 29*k - 15. Let t = -18 - -26. Let l(q) = -4*q**2 + 1 - 4 - 2 - 10*q. Let a(r) = t*l(r) - 3*v(r). Give a(-4).
-7
Let w = -164 + 158. Let f(r) = r**3 + 7*r**2 + 9*r + 13. Give f(w).
-5
Let l = 82 - 73. Let w(o) = -o**2 + 7*o + 6. Determine w(l).
-12
Let m(y) = 2*y - 9*y + 5*y. Determine m(4).
-8
Let r be (-1)/3 - 14/3. Let n be r/10 + (-3)/(-2). Let u(v) = -v**2 + 3*v. Let o(c) = -c. Let s(l) = o(l) + u(l). Give s(n).
1
Let v(s) = s + 2. Suppose -4*x + 5*k - k = 0, 4*x + 24 = -4*k. Let r be 2/(-6) - x/9. Calculate v(r).
2
Suppose -2*y - 21 = z + 3*y, 3 = -3*z + 5*y. Let m(w) = -w**3 - 7*w**2 - 6*w + 4. Determine m(z).
4
Let v(u) be the second derivative of -u**5/15 - u**4/24 - 9*u**2/2 + 8*u. Let d(s) be the first derivative of v(s). What is d(-2)?
-14
Let p(o) = 1 + 0 - 2 - o. Let y be (4/(-7))/((-4)/14). Suppose 10 + y = 4*x. What is p(x)?
-4
Let d be -7 + (-1 - -5) - -5. Let l(j) = -2 - 6*j**3 + 3*j**3 + d*j**3 - 1. What is l(0)?
-3
Let b(f) be the third derivative of -f**6/720 + f**5/40 + f**4/6 - 3*f**2. Let r(w) be the second derivative of b(w). Calculate r(-3).
6
Let g(s) = 7*s**3 + 8*s**2 - 14*s - 5. Suppose 4*x = -0*x + 4*f, 3*x - 10 = f. Let h(w) = -3*w**3 - 4*w**2 + 7*w + 2. Let m(d) = x*h(d) + 2*g(d). Give m(-5).
-10
Let h(o) = 2*o - 1. Let w(k) = -k. Let c(n) = h(n) + w(n). Let q = 25 + -31. Let z be (4/q)/((-13)/(-78)). Determine c(z).
-5
Let t(b) = b**2 - 5*b + 4. Let l(q) = 2*q**2 - 11*q + 7. Let d(x) = 4*l(x) - 9*t(x). Suppose -o = -307 + 307. What is d(o)?
-8
Let b be 2 - 1/(1/(-3)). Suppose 2*a = -a - b*u - 4, -16 = 4*a - 4*u. Let x be 1 - (0/(-3))/a. Let o(g) = -6*g + 1. Calculate o(x).
-5
Suppose -h - 5 = 0, 0*h + 4*h + 17 = -3*r. Let o(i) = -1 + 0*i + i + 0 + 4*i**3. Calculate o(r).
4
Let p(h) be the third derivative of -h**6/120 - 2*h**5/15 - 7*h**4/24 + 5*h**3/6 - 9*h**2. Calculate p(-7).
5
Let v be (-3)/3*1 + 3. Suppose m = v + 4. Let z(o) = -o + 3. What is z(m)?
-3
Suppose -15 = 4*p + 1. Let x(l) = l - 2. Calculate x(p).
-6
Let x(g) = g**2 - 2*g + 2. Let d be x(2). Let c(o) = -o**d + 0*o - 4 - 5*o + 2*o + 6. Let i be (-6)/(-33) + 70/(-22). What is c(i)?
2
Let d(v) = -v - 11. Let f(y) = -6. Let l(w) = -3*d(w) + 5*f(w). Suppose 6*n = n + 25. Suppose n*u = u - 12. Calculate l(u).
-6
Let j(y) = -10*y**3 + y**2 - 5*y + 5. Let x be j(1). Let q(r) = -r**2 - 7*r + 12. Calculate q(x).
-6
Let v(q) = q**3 + 6*q**2 + 2*q + 5. Suppose 4*p + 120 = -3*y, -30 = 2*p - p + 3*y. Let u = p - -24. Give v(u).
-7
Let z(b) be the third derivative of -b**5/60 + b**4/12 - 11*b**2. Calculate z(4).
-8
Let h(r) = -r**3 - 11*r**2 - 10*r + 3. Let l be h(-10). Let t(z) = -5*z**3 + z**3 - 7*z**3 + z**2 - z + 2*z**l. Calculate t(1).
-9
Let n(t) be the third derivative of -t**6/120 + t**5/12 + t**4/6 - t**3/3 + 5*t**2. Calculate n(6).
-14
Let s(j) = -j**3 - j + 2. Let w be s(0). Let d(f) = 2*f - w + 2 - f. What is d(-3)?
-3
Let l be 4/6*(6 - 0). Le